{"id":914,"date":"2026-01-02T17:21:43","date_gmt":"2026-01-02T10:21:43","guid":{"rendered":"https:\/\/tranthingoan.vn\/?post_type=product&#038;p=914"},"modified":"2026-01-02T18:23:25","modified_gmt":"2026-01-02T11:23:25","slug":"npk-ca-mau-18-6-18","status":"publish","type":"product","link":"https:\/\/tranthingoan.vn\/index.php\/san-pham\/npk-ca-mau-18-6-18\/","title":{"rendered":"NPK C\u00c0 MAU 18-6-18"},"content":{"rendered":"<p><b>\u0110\u1eb7c \u0111i\u1ec3m n\u1ed5i b\u1eadt:<br \/>\n<\/b><b><\/b><span style=\"font-weight: 400; font-size: 16px;\">1.T\u0103ng sinh tr\u01b0\u1edfng, ph\u00e1t tri\u1ec3n v\u00e0 h\u1ea1n ch\u1ebf s\u00e2u b\u1ec7nh<\/span><\/p>\n<p><span style=\"font-weight: 400;\">2. T\u0103ng n\u0103ng su\u1ea5t, ch\u1ea5t l\u01b0\u1ee3ng n\u00f4ng s\u1ea3n v\u00e0 l\u1ee3i nhu\u1eadn<\/span><\/p>\n<p><span style=\"font-weight: 400;\">3. C\u1ea3i thi\u1ec7n \u0111\u1ed9 ph\u00ec nhi\u00eau c\u1ee7a \u0111\u1ea5t.<\/span><\/p>\n<p><strong>Th\u00f4ng tin s\u1ea3n ph\u1ea9m:\u00a0<\/strong><span style=\"font-weight: 400;\"><br \/>\n<\/span><b>\u0110\u00f3ng g\u00f3i: <\/b><span style=\"font-weight: 400;\">Ph\u00e2n b\u00f3n h\u1ed7n h\u1ee3p NPK \u201cNPK C\u00e0 Mau 18-6-18\u201d \u0111\u01b0\u1ee3c \u0111\u00f3ng g\u00f3i b\u1eb1ng 2 l\u1edbp bao, l\u1edbp b\u00ean ngo\u00e0i b\u1eb1ng v\u1eadt li\u1ec7u PP, l\u1edbp b\u00ean trong b\u1eb1ng v\u1eadt li\u1ec7u PE, \u0111\u1ea3m b\u1ea3o gi\u00fap s\u1ea3n ph\u1ea9m kh\u00f4ng b\u1ecb h\u00fat \u1ea9m v\u00e0 kh\u00f4ng b\u1ecb r\u00e1ch, v\u1ee1 khi v\u1eadn chuy\u1ec3n;<\/span><\/p>\n<p><b>V\u1eadn chuy\u1ec3n, b\u1ed1c x\u1ebfp:<\/b><span style=\"font-weight: 400;\"> Khi v\u1eadn chuy\u1ec3n, ph\u01b0\u01a1ng ti\u1ec7n ph\u1ea3i \u0111\u1ea3m b\u1ea3o s\u1ea1ch s\u1ebd, kh\u00f4 r\u00e1o v\u00e0 \u0111\u01b0\u1ee3c che m\u01b0a n\u1eafng. Kh\u00f4ng s\u1eed d\u1ee5ng m\u00f3c \u0111\u1ec3 b\u1ed1c d\u1ee1 s\u1ea3n ph\u1ea9m.<\/span><\/p>\n<p><b>B\u1ea3o qu\u1ea3n: <\/b><span style=\"font-weight: 400;\">b\u1ea3o qu\u1ea3n n\u01a1i th\u00f4ng tho\u00e1ng, kh\u00f4 r\u00e1o, \u0111\u01b0\u1ee3c che m\u01b0a n\u1eafng, kh\u00f4ng \u0111\u1ec3 tr\u1ef1c ti\u1ebfp l\u00ean s\u00e0n nh\u00e0 \u1ea9m \u01b0\u1edbt.<\/span><\/p>\n<p><b>Th\u1eddi h\u1ea1n s\u1eed d\u1ee5ng: <\/b><span style=\"font-weight: 400;\">36 th\u00e1ng k\u1ec3 t\u1eeb ng\u00e0y s\u1ea3n xu\u1ea5t<\/span><\/p>\n<p><b>Ng\u00e0y s\u1ea3n xu\u1ea5t:<\/b><span style=\"font-weight: 400;\"> In tr\u1ef1c ti\u1ebfp tr\u00ean bao b\u00ec<\/span><\/p>\n<p><strong>H\u01b0\u1edbng d\u1eabn s\u1eed d\u1ee5ng :\u00a0<\/strong><br \/>\nL\u01b0\u1ee3ng b\u00f3n v\u00e0 th\u1eddi k\u1ef3 b\u00f3n cho c\u00e1c lo\u1ea1i c\u00e2y tr\u1ed3ng:<\/p>\n<p>&#8211; C\u00e0 ph\u00ea: Giai \u0111o\u1ea1n tr\u00e1i ph\u00e1t tri\u1ec3n b\u00f3n 400-500 kg\/ha\/l\u1ea7n (3 l\u1ea7n\/n\u0103m: \u0111\u1ea7u m\u00f9a m\u01b0a\/gi\u1eefa m\u00f9a m\u01b0a\/cu\u1ed1i m\u00f9a m\u01b0a)<\/p>\n<p>&#8211; H\u1ed3 ti\u00eau: Giai \u0111o\u1ea1n tr\u00e1i ph\u00e1t tri\u1ec3n b\u00f3n 400-500 g\/tr\u1ee5\/l\u1ea7n (3 l\u1ea7n\/n\u0103m: \u0111\u1ea7u m\u00f9a m\u01b0a\/gi\u1eefa m\u00f9a m\u01b0a\/cu\u1ed1i m\u00f9a m\u01b0a)<\/p>\n<p>&#8211; Cao su (giai \u0111o\u1ea1n kinh doanh): 250-350 kg\/ha\/l\u1ea7n (2-3 l\u1ea7n\/n\u0103m: \u0111\u1ea7u m\u00f9a m\u01b0a\/gi\u1eefa m\u00f9a m\u01b0a\/cu\u1ed1i m\u00f9a m\u01b0a)<\/p>\n<p>&#8211; C\u00e2y \u0103n tr\u00e1i (xo\u00e0i, nh\u00e3n, b\u01b0\u1edfi, ch\u00f4m ch\u00f4m): Giai \u0111o\u1ea1n tr\u00e1i ph\u00e1t tri\u1ec3n b\u00f3n 300-600 g\/c\u00e2y\/l\u1ea7n (3-4 l\u1ea7n\/n\u0103m: sau \u0111\u1eadu tr\u00e1i\/tr\u00e1i ph\u00e1t tri\u1ec3n b\u00f3n 2-3 l\u1ea7n)<\/p>\n<p>&#8211; Rau \u0103n tr\u00e1i (d\u01b0a h\u1ea5u, \u1edbt, c\u00e0 chua): Giai \u0111o\u1ea1n tr\u00e1i ph\u00e1t tri\u1ec3n 150-200 kg\/ha\/l\u1ea7n (1-3 l\u1ea7n\/v\u1ee5)<\/p>\n<p>&#8211; L\u00faa: 120-160 kg\/ha (b\u00f3n \u0111\u00f3n \u0111\u00f2ng: 38-42 ng\u00e0y sau s\u1ea1)<b><br \/>\n<\/b><\/p>\n","protected":false},"excerpt":{"rendered":"<p>\u0110\u1eb7c \u0111i\u1ec3m n\u1ed5i b\u1eadt: 1.T\u0103ng sinh tr\u01b0\u1edfng, ph\u00e1t tri\u1ec3n v\u00e0 h\u1ea1n ch\u1ebf s\u00e2u b\u1ec7nh 2. T\u0103ng n\u0103ng su\u1ea5t, ch\u1ea5t l\u01b0\u1ee3ng n\u00f4ng s\u1ea3n v\u00e0 l\u1ee3i nhu\u1eadn 3. C\u1ea3i thi\u1ec7n \u0111\u1ed9 ph\u00ec nhi\u00eau c\u1ee7a \u0111\u1ea5t. Th\u00f4ng tin s\u1ea3n ph\u1ea9m:\u00a0 \u0110\u00f3ng g\u00f3i: Ph\u00e2n b\u00f3n h\u1ed7n h\u1ee3p NPK \u201cNPK C\u00e0 Mau 18-6-18\u201d \u0111\u01b0\u1ee3c \u0111\u00f3ng g\u00f3i b\u1eb1ng 2 l\u1edbp bao, l\u1edbp b\u00ean ngo\u00e0i b\u1eb1ng v\u1eadt li\u1ec7u PP, l\u1edbp b\u00ean trong b\u1eb1ng v\u1eadt li\u1ec7u PE, \u0111\u1ea3m b\u1ea3o gi\u00fap s\u1ea3n ph\u1ea9m kh\u00f4ng b\u1ecb h\u00fat \u1ea9m v\u00e0 kh\u00f4ng b\u1ecb r\u00e1ch, v\u1ee1 khi v\u1eadn chuy\u1ec3n; V\u1eadn chuy\u1ec3n, b\u1ed1c x\u1ebfp: Khi v\u1eadn chuy\u1ec3n, ph\u01b0\u01a1ng ti\u1ec7n ph\u1ea3i \u0111\u1ea3m b\u1ea3o s\u1ea1ch s\u1ebd, kh\u00f4 r\u00e1o v\u00e0 \u0111\u01b0\u1ee3c che m\u01b0a n\u1eafng. Kh\u00f4ng s\u1eed d\u1ee5ng m\u00f3c \u0111\u1ec3 b\u1ed1c d\u1ee1 s\u1ea3n ph\u1ea9m. B\u1ea3o qu\u1ea3n: b\u1ea3o qu\u1ea3n n\u01a1i th\u00f4ng tho\u00e1ng, kh\u00f4 r\u00e1o, \u0111\u01b0\u1ee3c che m\u01b0a n\u1eafng, kh\u00f4ng \u0111\u1ec3 tr\u1ef1c ti\u1ebfp l\u00ean s\u00e0n nh\u00e0 \u1ea9m \u01b0\u1edbt. Th\u1eddi h\u1ea1n s\u1eed d\u1ee5ng: 36 th\u00e1ng k\u1ec3 t\u1eeb ng\u00e0y s\u1ea3n xu\u1ea5t Ng\u00e0y s\u1ea3n xu\u1ea5t: In tr\u1ef1c ti\u1ebfp tr\u00ean bao b\u00ec H\u01b0\u1edbng d\u1eabn s\u1eed d\u1ee5ng :\u00a0 L\u01b0\u1ee3ng b\u00f3n v\u00e0 th\u1eddi k\u1ef3 b\u00f3n cho c\u00e1c lo\u1ea1i c\u00e2y tr\u1ed3ng: &#8211; C\u00e0 ph\u00ea: Giai \u0111o\u1ea1n tr\u00e1i ph\u00e1t tri\u1ec3n b\u00f3n 400-500 kg\/ha\/l\u1ea7n (3 l\u1ea7n\/n\u0103m: \u0111\u1ea7u m\u00f9a m\u01b0a\/gi\u1eefa m\u00f9a m\u01b0a\/cu\u1ed1i m\u00f9a m\u01b0a) &#8211; H\u1ed3 ti\u00eau: Giai \u0111o\u1ea1n tr\u00e1i ph\u00e1t tri\u1ec3n b\u00f3n 400-500 g\/tr\u1ee5\/l\u1ea7n (3 l\u1ea7n\/n\u0103m: \u0111\u1ea7u m\u00f9a m\u01b0a\/gi\u1eefa m\u00f9a m\u01b0a\/cu\u1ed1i m\u00f9a m\u01b0a) &#8211; Cao su (giai \u0111o\u1ea1n kinh doanh): 250-350 kg\/ha\/l\u1ea7n (2-3 l\u1ea7n\/n\u0103m: \u0111\u1ea7u m\u00f9a m\u01b0a\/gi\u1eefa m\u00f9a m\u01b0a\/cu\u1ed1i m\u00f9a m\u01b0a) &#8211; C\u00e2y \u0103n tr\u00e1i (xo\u00e0i, nh\u00e3n, b\u01b0\u1edfi, ch\u00f4m ch\u00f4m): Giai \u0111o\u1ea1n tr\u00e1i ph\u00e1t tri\u1ec3n b\u00f3n 300-600 g\/c\u00e2y\/l\u1ea7n (3-4 l\u1ea7n\/n\u0103m: sau \u0111\u1eadu tr\u00e1i\/tr\u00e1i ph\u00e1t tri\u1ec3n b\u00f3n 2-3 l\u1ea7n) &#8211; Rau \u0103n tr\u00e1i (d\u01b0a h\u1ea5u, \u1edbt, c\u00e0 chua): Giai \u0111o\u1ea1n tr\u00e1i ph\u00e1t tri\u1ec3n 150-200 kg\/ha\/l\u1ea7n (1-3 l\u1ea7n\/v\u1ee5) &#8211; L\u00faa: 120-160 kg\/ha (b\u00f3n \u0111\u00f3n \u0111\u00f2ng: 38-42 ng\u00e0y sau s\u1ea1)<\/p>\n","protected":false},"featured_media":915,"comment_status":"open","ping_status":"closed","template":"","meta":[],"product_brand":[],"product_cat":[20,19],"product_tag":[],"class_list":{"0":"post-914","1":"product","2":"type-product","3":"status-publish","4":"has-post-thumbnail","6":"product_cat-ca-mau","7":"product_cat-phan-bon","9":"first","10":"instock","11":"shipping-taxable","12":"product-type-simple"},"_links":{"self":[{"href":"https:\/\/tranthingoan.vn\/index.php\/wp-json\/wp\/v2\/product\/914","targetHints":{"allow":["GET"]}}],"collection":[{"href":"https:\/\/tranthingoan.vn\/index.php\/wp-json\/wp\/v2\/product"}],"about":[{"href":"https:\/\/tranthingoan.vn\/index.php\/wp-json\/wp\/v2\/types\/product"}],"replies":[{"embeddable":true,"href":"https:\/\/tranthingoan.vn\/index.php\/wp-json\/wp\/v2\/comments?post=914"}],"wp:featuredmedia":[{"embeddable":true,"href":"https:\/\/tranthingoan.vn\/index.php\/wp-json\/wp\/v2\/media\/915"}],"wp:attachment":[{"href":"https:\/\/tranthingoan.vn\/index.php\/wp-json\/wp\/v2\/media?parent=914"}],"wp:term":[{"taxonomy":"product_brand","embeddable":true,"href":"https:\/\/tranthingoan.vn\/index.php\/wp-json\/wp\/v2\/product_brand?post=914"},{"taxonomy":"product_cat","embeddable":true,"href":"https:\/\/tranthingoan.vn\/index.php\/wp-json\/wp\/v2\/product_cat?post=914"},{"taxonomy":"product_tag","embeddable":true,"href":"https:\/\/tranthingoan.vn\/index.php\/wp-json\/wp\/v2\/product_tag?post=914"}],"curies":[{"name":"wp","href":"https:\/\/api.w.org\/{rel}","templated":true}]}}